{"id":12,"date":"2019-09-14T07:38:24","date_gmt":"2019-09-14T07:38:24","guid":{"rendered":"http:\/\/firatgida.com.tr\/?page_id=12"},"modified":"2026-02-26T09:56:50","modified_gmt":"2026-02-26T09:56:50","slug":"hakkimizda-3","status":"publish","type":"page","link":"https:\/\/www.goncagida.com.tr\/index.php\/hakkimizda-3\/","title":{"rendered":"Hakk\u0131m\u0131zda"},"content":{"rendered":"\n<p><span style=\"color: #ffffff; font-family: 'Tahoma',sans-serif; font-size: 10.5pt;\">F\u0131rat <\/span><\/p>\n\n\n\n<p><span style=\"color: #ffffff; font-family: 'Tahoma',sans-serif; font-size: 10.5pt;\">&nbsp;<\/span><\/p>\n\n\n\n<p><span style=\"color: #ffffff; font-family: 'Tahoma',sans-serif; font-size: 10.5pt;\">&nbsp;<\/span><\/p>\n\n\n\n<p><span style=\"color: #ffffff;\"><b><span style=\"font-family: 'Tahoma',sans-serif; font-size: 10.5pt;\">M\u0130SYONUMUZ<\/span><\/b><span style=\"font-family: 'Tahoma',sans-serif; font-size: 10.5pt;\"><br>\n\u00c7anakkale b\u00f6lgesinde kaliteli ve g\u00fcvenilir \u00fcr\u00fcnleri pazarlayan, kanunlara ve i\u015f ahlak\u0131na uygun \u00e7al\u0131\u015fan, \u00e7a\u011fda\u015f sat\u0131\u015f y\u00f6ntemlerini kullanarak, kaliteli hizmet sunarak ve \u00fcr\u00fcn \u00e7e\u015fitlili\u011fimizi artt\u0131rarak istikrarl\u0131 bir \u015fekilde b\u00fcy\u00fcyen bir \u015firket olmak istiyoruz.<\/span><\/span><\/p>\n\n\n\n<p><span style=\"color: #ffffff; font-family: 'Tahoma',sans-serif; font-size: 10.5pt;\">&nbsp;<\/span><\/p>\n\n\n\n<p><span style=\"color: #ffffff;\"><b><span style=\"font-family: 'Tahoma',sans-serif; font-size: 10.5pt;\">V\u0130ZYONUMUZ<\/span><\/b><span style=\"font-family: 'Tahoma',sans-serif; font-size: 10.5pt;\"><br>\nM\u00fc\u015fteri memnuniyetini temel ilke edinen, kaliteli \u00fcr\u00fcn satmaktan \u00f6d\u00fcn vermeyen, \u00e7al\u0131\u015fanlar\u0131yla mutlu, m\u00fc\u015fterileriyle bar\u0131\u015f\u0131k ve hizmetiyle b\u00f6lgemizde lider bir pazarlama \u015firketi olmakt\u0131r.<\/span><\/span><\/p>\n\n\n\n<p><\/p>\n","protected":false},"excerpt":{"rendered":"<p>F\u0131rat &nbsp; &nbsp; M\u0130SYONUMUZ \u00c7anakkale b\u00f6lgesinde kaliteli ve g\u00fcvenilir \u00fcr\u00fcnleri pazarlayan, kanunlara ve i\u015f ahlak\u0131na uygun \u00e7al\u0131\u015fan, \u00e7a\u011fda\u015f sat\u0131\u015f y\u00f6ntemlerini kullanarak, kaliteli hizmet sunarak ve \u00fcr\u00fcn \u00e7e\u015fitlili\u011fimizi artt\u0131rarak istikrarl\u0131 bir \u015fekilde b\u00fcy\u00fcyen bir \u015firket olmak istiyoruz. &nbsp; V\u0130ZYONUMUZ M\u00fc\u015fteri memnuniyetini temel ilke edinen, kaliteli \u00fcr\u00fcn satmaktan \u00f6d\u00fcn vermeyen, \u00e7al\u0131\u015fanlar\u0131yla mutlu, m\u00fc\u015fterileriyle bar\u0131\u015f\u0131k ve hizmetiyle b\u00f6lgemizde &hellip; <\/p>\n<p class=\"link-more\"><a href=\"https:\/\/www.goncagida.com.tr\/index.php\/hakkimizda-3\/\" class=\"more-link\">Okumaya devam et<span class=\"screen-reader-text\"> &#8220;Hakk\u0131m\u0131zda&#8221;<\/span><\/a><\/p>\n","protected":false},"author":1,"featured_media":386,"parent":0,"menu_order":0,"comment_status":"closed","ping_status":"closed","template":"","meta":{"footnotes":""},"class_list":["post-12","page","type-page","status-publish","has-post-thumbnail","hentry"],"_links":{"self":[{"href":"https:\/\/www.goncagida.com.tr\/index.php\/wp-json\/wp\/v2\/pages\/12","targetHints":{"allow":["GET"]}}],"collection":[{"href":"https:\/\/www.goncagida.com.tr\/index.php\/wp-json\/wp\/v2\/pages"}],"about":[{"href":"https:\/\/www.goncagida.com.tr\/index.php\/wp-json\/wp\/v2\/types\/page"}],"author":[{"embeddable":true,"href":"https:\/\/www.goncagida.com.tr\/index.php\/wp-json\/wp\/v2\/users\/1"}],"replies":[{"embeddable":true,"href":"https:\/\/www.goncagida.com.tr\/index.php\/wp-json\/wp\/v2\/comments?post=12"}],"version-history":[{"count":2,"href":"https:\/\/www.goncagida.com.tr\/index.php\/wp-json\/wp\/v2\/pages\/12\/revisions"}],"predecessor-version":[{"id":644,"href":"https:\/\/www.goncagida.com.tr\/index.php\/wp-json\/wp\/v2\/pages\/12\/revisions\/644"}],"wp:featuredmedia":[{"embeddable":true,"href":"https:\/\/www.goncagida.com.tr\/index.php\/wp-json\/wp\/v2\/media\/386"}],"wp:attachment":[{"href":"https:\/\/www.goncagida.com.tr\/index.php\/wp-json\/wp\/v2\/media?parent=12"}],"curies":[{"name":"wp","href":"https:\/\/api.w.org\/{rel}","templated":true}]}}